0
Suppose -13*q = -703 + 196. What is the remainder when q is divided by 5?
4
Let w(s) = 4*s - 76. Let l be w(19). Suppose l = t + 5, 3*o + t - 148 = -0*o. What is the remainder when o is divided by 18?
15
Let c be ((-15)/4)/(((-6)/2)/12). Suppose -19*x + 56 = -c*x. What is the remainder when x is divided by 8?
6
Suppose 3*n - 11*j + 7*j = 94, 0 = -2*n - 4*j + 56. Suppose s = -3 + 4. Suppose 0 = l - 0*l - s, 2*o - 14 = 2*l. Calculate the remainder when n is divided by o.
6
Suppose 5*s = -0*s. Suppose s = -2*b + 98 + 42. Let q = 157 - b. Calculate the remainder when q is divided by 30.
27
Suppose -5*r = -6*o + 2*o - 353, -o = 3*r - 222. Let y be (5/3)/(5/(-90)). Let z = -15 - y. Calculate the remainder when r is divided by z.
13
Suppose -5*r + 714 - 19 = 0. Calculate the remainder when r is divided by 48.
43
Calculate the remainder when 45 is divided by ((-1)/(14/(-12)))/(666/10878).
3
Suppose -3*v + 2*j = -198, 4*j + 128 = 4*v - 132. Calculate the remainder when v is divided by 8.
4
Suppose -q - 5*s + 301 = 78, 0 = 2*q + 2*s - 478. Suppose -5*a + 352 = -q. What is the remainder when a is divided by 30?
29
Let z(f) = f**3 + 13*f**2 - 15*f - 9. Let l be z(-14). Suppose -4*c - 4*s + s = -255, l*c + 4*s = 320. What is the remainder when c is divided by 31?
29
Let a(q) = 16*q - 21. Let r(o) = -o**2 + o - 10. Let h be r(0). Let f be (-56)/h - (-10)/25. What is the remainder when a(f) is divided by 13?
10
Suppose f = -5*d + 2012, -400 = -17*d + 16*d - f. Calculate the remainder when 807 is divided by d.
1
Let i = 49 - 19. Suppose 26*j + 16 = i*j. Suppose -3*v + 2*v + 7 = 0. What is the remainder when v is divided by j?
3
Let s(l) = -l + 151. Suppose -88 + 190 = 6*k. Calculate the remainder when s(0) is divided by k.
15
Let v(m) = 20*m - 153. Calculate the remainder when 20 is divided by v(8).
6
Let w be (54/24)/(2/8). Suppose w*i = 5*i. Suppose i = 8*s - 162 + 18. What is the remainder when s is divided by 11?
7
Suppose 2295 = 5*k - 3*m, 0 = -17*k + 15*k - m + 929. What is the remainder when k is divided by 8?
6
What is the remainder when 21 is divided by 11 - (6 - -36)/(-6)?
3
Suppose 2*z - 4*s - 146 = 0, 0 = 3*z - 5*z + 5*s + 144. Suppose -27 = -6*k + 93. What is the remainder when z is divided by k?
17
Let g(p) = -159*p - 29. What is the remainder when g(-2) is divided by 58?
57
Calculate the remainder when (-15)/(-2)*((-4)/6 - -2) is divided by 6.
4
Suppose s = 3*o - 15 + 4, 0 = -4*o + 3*s + 13. Suppose 0 = 2*i - p - 92 - 41, -4*i + 256 = -o*p. What is the remainder when i is divided by 24?
21
Let j = 118 + -100. Let u(a) = 68*a**2 + 1. What is the remainder when u(1) is divided by j?
15
Let a be 2*20 - 0/3. Let q = a - 58. Let w = q + 50. Calculate the remainder when 62 is divided by w.
30
Suppose -34*n - 91 = -27*n. Suppose -2*x + 5*g - 15 = 2, 3*x - 5*g = -23. Let o = x - n. Calculate the remainder when 41 is divided by o.
6
Let o = 21 + -21. Suppose v + 5*c - 30 = o, v = -v - 2*c + 76. What is the remainder when v is divided by 6?
4
Suppose 340 = 4*d - 8*w, 4*d + 108 = 5*w + 445. Calculate the remainder when d is divided by 11.
6
Let m = 90 - 51. Calculate the remainder when 114 is divided by m.
36
Suppose -13*u + 630 = 214. Calculate the remainder when 285 is divided by u.
29
Suppose c + 3*c - 42 = -2*n, 0 = 5*n + c - 60. Suppose l = 4*p - n, p = 3*l - 2*l - 4. Suppose 0 = -2*o + l - 1. What is the remainder when 5 is divided by o?
1
What is the remainder when 181*1 + (-2 - -2) is divided by (4/4)/((-4)/20 + (-51)/(-230))?
43
Suppose 4*g = 3*p + 98, 5*p + 84 + 36 = 5*g. Calculate the remainder when 441 is divided by g.
25
Let o = 57 - 33. Let c(f) = -f**3 - 7*f**2 - 10*f - 26. Calculate the remainder when c(-8) is divided by o.
22
Calculate the remainder when 4/5 - ((-1844)/(-5))/(-4) is divided by 32.
29
Suppose -4*q + a = -3*q - 13, -2*q + 16 = -4*a. Suppose -5*d = 2*j + j - 2, 5*d = -2*j - 2. What is the remainder when q is divided by j?
2
Calculate the remainder when 53 is divided by (-65)/(-13) - 27/(-1 - 0).
21
Let c(r) = -11*r - 7. Let n be c(-3). Let d = 35 - n. What is the remainder when d is divided by 3?
0
Let a = -755 - -805. What is the remainder when 343 is divided by a?
43
Let q(h) = -4*h**3 - 8*h - 1. What is the remainder when q(-4) is divided by 58?
55
Let o(q) = 3*q**2 + 30*q + 30. Let r be o(-12). Let v = r + -43. What is the remainder when v is divided by 32?
27
Let o(c) = 2*c**3 + 42*c**2 - 4*c - 42. What is the remainder when 67 is divided by o(-21)?
25
Suppose 4*l + 5*d = 173, -3*l + 3*d - 38 = -4*l. What is the remainder when l is divided by 16?
15
Let l(z) = 11*z**2 + 2. Suppose -25 = 5*a - 5*b, a - 17 = 6*a - 3*b. What is the remainder when 32 is divided by l(a)?
6
Suppose -2757 = 8*j - 4005. Calculate the remainder when 922 is divided by j.
142
Suppose 4672 = 18*n + 14*n. Calculate the remainder when n is divided by 35.
6
Let n(d) = -d**2 + 8*d - 11. Let m be n(8). Let g = m + 18. What is the remainder when 16 is divided by g?
2
Let w(l) = 15*l - 28. Calculate the remainder when w(3) is divided by 10.
7
Suppose -5*i + 516 + 19 = 0. Calculate the remainder when i is divided by ((-6)/(-4))/(3/(65 + 7)).
35
Let c = 14 - 7. Suppose -3*n = -458 - 1342. What is the remainder when n/c - (-10)/35 is divided by 22?
20
Suppose 174 = 48*o - 51*o. Let p = o - -99. Calculate the remainder when 80 is divided by p.
39
Let k = -16 + 19. Suppose -4*u - k*f + 159 = -2*f, -2*u - 3*f + 67 = 0. What is the remainder when 80 is divided by u?
39
Suppose 7*y + 5 = 8*y, -2*y + 114 = w. What is the remainder when 413 is divided by w?
101
Let j be (1/(3/366))/(-2). Let h = -39 - j. What is the remainder when h is divided by 8?
6
Suppose 2*r = -0*r. Let v(h) = -h**3 + h**2 + h + 10. Let c be v(r). Suppose 4*d - c = 26. Calculate the remainder when d is divided by 5.
4
Suppose -15*h + 14*h = 3*a - 82, 4*h - 4*a = 312. Calculate the remainder when h is divided by 42.
37
Let y = 8 + -21. Let g = 1 - y. Suppose 51 = x - f - 4*f, 4*x + 4*f - 84 = 0. Calculate the remainder when x is divided by g.
12
Let l(a) = a**2 + 27*a + 208. What is the remainder when 64 is divided by l(-12)?
8
Let b(l) = -l**3 + 19*l**2 - 13*l - 15. Calculate the remainder when b(18) is divided by 20.
15
Let i = 37 + -34. Suppose -5*l = 2*h + 14, h = 6*h + 3*l - 3. Suppose -5*g - i*w = -h*g - 95, g + w = 48. Calculate the remainder when g is divided by 13.
10
Suppose -11 = n - 32. Suppose 24*x - 37*x = -806. What is the remainder when x is divided by n?
20
Let w(s) = -2*s**3 - 15*s**2 - 17*s - 38. What is the remainder when 291 is divided by w(-7)?
3
Suppose 3 + 2 = z, 0 = 3*p - 2*z - 173. Calculate the remainder when p is divided by 32.
29
Let d = 307 - 285. What is the remainder when 25 is divided by d?
3
Suppose r = -3*l + 15, 4*l + 5*r + 0 = 9. Let q(t) = t**2 + 3*t - 5. Calculate the remainder when l is divided by q(-5).
1
Let p = 30 - 25. Suppose 0*a + 85 = p*a. Let j = -1 - -11. Calculate the remainder when a is divided by j.
7
Let f(n) = n**3 + 23*n**2 - 5*n - 55. Calculate the remainder when 88 is divided by f(-23).
28
Suppose -3*q + 8 = 4*g, 2*q - q = g + 5. Suppose d - q*x = 25, x - 8 = -x. Calculate the remainder when 202 is divided by d.
38
Suppose -4*q - 4*r = -0*r - 276, -r + 4 = 0. Let f = q - 12. What is the remainder when f is divided by 18?
17
Suppose -5*f = 4*x - 578, 28*f - 23*f + 2*x = 574. Calculate the remainder when f is divided by 30.
24
Suppose -3*z = 2*m - 12, 5*z + 4*m - 20 = 7*m. Suppose 3*s = z*s - 1098. Calculate the remainder when 95 is divided by s/45 - (-4)/(-10).
23
Suppose -4*y + 49 = -4*q + 9*q, -5*q - 2*y = -47. Suppose 2*w = -0*w + 2*p, -3*w = 3*p. Suppose o - 27 - 6 = w. What is the remainder when o is divided by q?
6
Let m be ((-36)/(-10))/(18/(-135)). Calculate the remainder when ((-332)/(-6))/2 + 18/m is divided by 8.
3
Let n = 36 + -20. What is the remainder when (n/6)/2*(-741)/(-26) is divided by 14?
10
Suppose 5*w = -4*r + 134, 4*w - 8*w + 3*r + 132 = 0. Calculate the remainder when 59 is divided by w.
29
Suppose 5*p - 3*p = -108. Let c = p - -71. Suppose 0 = -4*i + 3*i + 7. What is the remainder when c is divided by i?
3
Let n(k) = -2*k - 11. Let q(s) = s**2 - 6*s + 1. Let h be q(4). Let m be n(h). Suppose x - 84 = -m*x. W